(6 - 8).
-2
-5 + 8 + -2 + -10 + 4
-5
Calculate 3 + -1 - 2 - 4 - -7.
3
What is the value of -2 - -9 - 2 - (9 - 1)?
-3
9 + (-6 + 0 - 2)
1
Evaluate 2 + -2 - (-1 - (8 + -4)).
5
Evaluate -6 + 3 - (-16 + 19).
-6
What is the value of -4 + ((-2 - -2) + 4 - 4)?
-4
Evaluate -1 + 0 + -1 + 0 + 3.
1
What is the value of (0 + -2 - 0) + -1?
-3
What is -11 + 15 + (-1 - (-1 + 2))?
2
6 + 0 - (42 - 36)
0
What is -1 - -1 - ((-25 - -51) + -25)?
-1
(-11 - (7 + -8)) + 1
-9
Evaluate -4 - ((4 - 2) + -4) - -4.
2
Calculate -2 + (1 - (-3 - (-2 + -2))).
-2
13 + -10 + 4 + 2
9
-12 - (-12 + 4 + 4)
-8
(3 - (2 - -1)) + (9 - 10)
-1
What is -26 + 34 - (0 - (1 - -1))?
10
What is the value of -3 + -1 - (8 + -14 + -1)?
3
Evaluate (9 - 8) + 2 + -1 + -6.
-4
What is the value of -4 - -1 - (-5 - 1)?
3
What is (17 - 10) + -3 + -2 + -2?
0
What is 4 + -3 + (-16 - -16)?
1
Evaluate -12 - -8 - (3 + -2 + -10).
5
-7 + -13 + 17 - (1 + -4)
0
Calculate (5 - (-1 + 6)) + (-1 - 1).
-2
Evaluate -189 + 182 + (2 - (0 + 5)).
-10
What is the value of 7 + (-6 - (1 + -3))?
3
What is (-4 - 0) + 9 - 3?
2
What is (2 - -5) + (5 - 7)?
5
Evaluate (-12 - 1) + 10 + -1.
-4
What is 6 + -2 - 6 - (0 - -2)?
-4
Calculate -3 + 1 + (-9 - -7).
-4
Calculate -6 + 11 - -2 - 5.
2
Evaluate (6 - 1 - 3 - 2) + -3.
-3
(-8 - (2 + -16)) + -7
-1
9 + -2 - (14 + (5 - 6))
-6
Evaluate 5 + (1 - -7 - (8 - 0)).
5
What is 9 + -4 - (4 + -4 - 3)?
8
What is the value of -4 - 1 - (-7 - 0)?
2
What is 107 + -110 + (12 - 0)?
9
Evaluate (11 - 16) + -3 + 8.
0
What is the value of -11 + 2 + (-11 - -16)?
-4
What is the value of 4 + 7 + -3 + -5?
3
Calculate (-4 - (-5 + 0)) + -5 - 0.
-4
Calculate -4 + -5 + 13 + -10.
-6
-5 + 6 + -4 - 0
-3
Calculate 2 + -2 + 3 + -7 + 2.
-2
-25 + (2 - -2) - -12
-9
Evaluate (-38 - -34) + -2 + 6.
0
(1 + -4 - 3) + 3 + -1
-4
Calculate -4 + (-5 - -2) + 2.
-5
Evaluate -131 + 125 + 1 + (0 - 0).
-5
Calculate (-2 - -5) + -15 + 18.
6
Evaluate (-1 - -1) + (-2 - -1) + 2.
1
2 + (-1 - (0 - 3)) + 1
5
Evaluate (1 - 2) + (-1 - (-16 + 8)).
6
Evaluate -4 + 1 + (7 + -1 - 11).
-8
What is the value of -5 - -8 - (-2 - -1 - 0)?
4
Evaluate -1 - -6 - (-1 - -7) - -1.
0
What is the value of -4 - (-1 + -11) - 3?
5
What is 2 - (-4 + 0 + 8)?
-2
Calculate -3 - -1 - (38 + -40).
0
What is the value of 1 - (3 + 1 + -3 - 4)?
4
What is the value of 0 + (-3 - (3 - 4)) + 4?
2
What is 2 + (6 - 3) + -7 + -1?
-3
Evaluate 6 - 0 - (26 - 23).
3
What is -10 + 9 - (4 + 0) - -8?
3
What is the value of -3 + 1 + -3 + 13 - 4?
4
What is the value of (9 - (-8 - -2)) + -1 + -6?
8
Calculate (-4 - -4) + -7 + 4.
-3
Evaluate 1 - 1 - (-1 + 1 - 0).
0
-6 - (2 + 1 + 0 + -5)
-4
What is the value of (2 - -3) + 5 + -2 - 4?
4
What is 15 - 8 - (-2 - -7)?
2
What is (-9 - -6 - 13) + 13?
-3
Evaluate 3 - (4 - (3 - 3) - 6).
5
What is 1 - -1 - (-19 - -17)?
4
What is -6 + (-2 - 1) + (9 - 4)?
-4
5 + (0 - 8) + -2
-5
Calculate 12 + -24 + 4 - -18.
10
Evaluate -2 + (0 - -11) - 8.
1
Evaluate -6 + (-1 - -7) - 6.
-6
Evaluate (-2 - 5 - (0 + -2)) + 10.
5
What is 1 + 0 - (1 - 2) - -3?
5
Evaluate -6 + 1 + 1 - (-36 + 30).
2
What is 104 + -82 + (-12 - 0)?
10
Calculate 28 - 21 - ((-2 - 1) + 9).
1
Calculate (0 - (8 + -1)) + 7.
0
What is 13 - (21 - (18 + -8))?
2
What is (-3 - 0) + (-3 - -2)?
-4
What is 2 + -3 + -1 + 10 + -5?
3
What is the value of 0 + (9 - 5) - -2?
6
0 + 1 - (17 + -18)
2
5 - (-3 - -3 - (1 + -4))
2
Calculate (-9 - 1) + (-16 - -20).
-6
1 - -4 - (-9 - -11)
3
What is 1 - 5 - (18 - (24 + -3))?
-1
1 + (1 - 2) + 1 + -2
-1
(-3 - -12) + 1 + (-2 - 3)
5
Evaluate 1 + -1 + -2 + 1.
-1
What is 5 + 4 + 0 + -4 + -2?
3
Calculate -4 - -2 - (3 - 8 - 4).
7
Calculate -2 + -1 + (1 - 2) + 0.
-4
What is the value of 0 + 3 + -6 - 4 - -14?
7
Evaluate -1 - (7 + -2 - (-4 + 5)).
-5
Calculate -2 + 5 + (1 - 2).
2
What is -2 + -2 - (-7 - -2)?
1
Calculate (1 - 1) + 0 + (9 - 6).
3
Evaluate (5 - -2) + (-12 - (-9 + 3)).
1
(-13 - -1) + -223 + 226
-9
What is the value of 9 - 7 - (4 + (-1 - -1))?
-2
Evaluate -4 + -5 + (7 - 1) + -3.
-6
What is 1 - -6 - 12 - -7?
2
What is -2 + (0 - 1) - -2?
-1
Evaluate 1 - (-2 + -2 + 6 - 0).
-1
What is -1 + (-6 - (-3 + 3 + -2))?
-5
(-2 - 0) + 6 - (11 + -8)
1
Calculate 2 + (0 - (2 + 3)).
-3
What is -2 + 2 - (2 - -7)?
-9
What is the value of 17 - (29 - 25 - (0 - 4))?
9
What is -7 - -6 - 6 - -7?
0
What is the value of -19 - -18 - (-2 - -3)?
-2
Evaluate 2 + (-13 - -4 - -4).
-3
Calculate 1 - 5 - (-68 - -68).
-4
What is 5 - 2 - (-3 - (1 - 5))?
2
Evaluate 4 - -1 - 4 - (-5 + 1).
5
10 + (-4 - 5 - (1 + -7))
7
2 + -1 - (21 + -22)
2
Evaluate -10 + 25 + -15 + (0 - -4).
4
What is the value of (-7 - 3 - -4) + 7 - -3?
4
What is -8 + (10 - 10 - -7)?
-1
Calculate (-4 - 3) + 9 - (-1 + 5).
-2
0 + 4 + -1 + (-5 - -9)
7
Calculate -6 + 4 + 0 + 1 - -1.
0
Calculate -4 + -1 + (12 - (2 - 2)).
7
Evaluate 0 + -1 + 1 - (1 + -6).
5
What is the value of -1 + -1 + (-6 - -4 - -6)?
2
What is -1 - 1 - (-20 + (-18 - -36))?
0
What is 3 + (4 - 4) + 0 - -2?
5
-28 - -28 - (-12 + 5)
7
-3 + -1 - (38 - 41)
-1
What is 2 - ((-1 - (-6 + 4)) + 3)?
-2
Calculate (4 - (0 + 0)) + -1.
3
What is 12 + -3 + -3 + -4?
2
(-2 - (7 - 15)) + -6
0
What is the value of 3 + (0 - (7 - 3)) + -4?
-5
-9 - (4 + 4 + -11)
-6
-7 - (-1 - -1) - (-5 + 2)
-4
What is 1 + -1 + -14 + 10?
-4
What is the value of (3 - 4) + -2 + 4?
1
What is 11 - (-1 - (-4 + -5))?
3
Evaluate 2 + -3 - (-5 - 0).
4
Evaluate 1 - (0 + 2 - (13 + -17)).
-5
What is the value of 10 - (10 - 8 - -4)?
4
What is the value of -5 + 7 + 1 + -2?
1
What is 0 + 0 + 3 - -2?
5
Evaluate 8 - (10 - 11) - 9.
0
What is the value of (-7 - -12) + -6 - (5 + 1)?
-7
Evaluate -8 + -3 + 6 - (0 - 2).
-3
5 + 2 + 7 + -14 + 4
4
What is the value of 0 + -3 + -5 - -13?
5
What is 0 + -10 - (-181 + 182)?
-11
Calculate 0 - -8 - (125 - 113).
-4
-1 + -1 - (-6 - (-3 + 1))
2
What is the value of (-7 - (1 + (-1 - 2))) + 2?
-3
Calculate -5 + 1 + -4 + (-8 - -20).
4
Calculate 4 + (4 - 1) + -25 + 22.
4
Evaluate 0 + (3 - 0) + (1 - 3).
1
What is the value of -3 - (3 - (6 - (-2 + 4)))?
-2
Evaluate (1 - -3) + 25 + -25 + -9.
-5
What is (1 + -20 - -7) + 5 + 7?
0
What is the value of -14 - (5 + (-8 - -13 - 15))?
-9
8 + -14 + 9 + -7
-4
What is the value of 5 - (19 + 3 + -10)?
-7
Calculate -12 + 17 + -9 + 1 + -7.
-10
Evaluate 2 - -1 - (-8 + 4 + 8).
-1
Calculate -2 - (0 + 2 + 1).
-5
-28 - -25 - (2 + 0 + -10)
5
Evaluate 4 + -3 + -1 - 3.
-3
(-18 + 6 - -5) + 5
-2
Calculate -12 + (-6 - -10) + 7.
-1
Evaluate -1 + 11 + (-6 - (4 - 5)).
5
What is 2 + (0 - 4 - -4)?
2
Evaluate -4 + (-4 - -4) + 5 + 0.
1
What is (16 - 11) + (2 - 15) - -3?
-5
Evaluate (2 - 3) + 3 + 2.
4
Calculate -1 + (-2 - -3) + (55 - 50).
5
What is -3 - (-8 + 5) - 5?
-5
What is 4 + (4 - 2) + 0 - 13?
-7
What is 1 + (4 + -5 - -6)?
6
What is -6 - 2 - 3 - -3?
-8
What is -3 + -1 + -9 + 7?
-6
What is 2 - (-9 - 0 - -6)?
5
7 + -5 + 6 + -16
-8
What is the value of 5 + -2 + -2 + 0 - 5?
-4
0 + 2 - (-3 - (-1 - 1))
3
What is 6 + (-7 - (-4 + 6)) - -6?
3
-8 + 2 + -6 + (10 - 2)
-4
-5 - (-2 - -1 - 1)
-3
Evaluate 4 + (-17 - (4 - 6) - -5).
-6
What is -10 + -1 + 7 + 0?
-4
What is the value of 5 + (1 + (7 - 6) - 5)?
2
What is -11 - (-2 + -2 - (-3 + 3))?
-7
(28 - 23) + (-2 - -2)
5
Calculate -1 + 2 + 1 - (6 - 8).
4
What is 2 + 1 - (8 + -5 + -2)?
2
-6 - ((-3 - 0) + 0)
-3
-14 - -15 - (-5 - (-2 + 0))
4
Calculate (-2 - (-5 + 3)) + 6.
6
Calculate (12 - (0 - -6)) + -11 - -9.
4
What is the value of -4 + 2 + (3 - -5)?
6
What is 8 + (-4 - ((-5 - -1) + 3))?
5
What is 3 + 0 + 0 + (-2 - -2)?
3
Calculate -4 + -2 + 11 + -2.
3
Calculate (2 - 10 - -15) + -3.
4
What is 0 - (-1 - 3) - (40 - 35)?
-1
What is 12 + -23 - -14 - 4?
-1
Calculate (-1 - 1) + (-2 - (-7 - -7)).
-4
14 + -20 - (-4 - 0)
-2
What is 7 - (-59 + 65 - (-7 - 0))?
-6
Calculate -3 + -4 + 9 + -5.
-3
What is (-4 + -1 + 2 - 8) + 4?
-7
What is 5 + (-10 - -16 - (5 - 0))?
6
Evaluate -1 - -2 - 6 - -3.
-2
Calculate (14 - -2) + (-27 - -18).
7
Evaluate 2 - -2 - (-26 + 25).
5
What is the value of 5 - 2 - (5 - 0) - 4?
-6
What is (11 - 26) + 4 - -2?
-9
(-2 - 0) + 5 + -42 + 44
5
Evaluate 1 + 0 + -5 + 0.
-4
What is (-181 - -181) + (7 - 0)?
7
5 + (-5 - (2 + 3))
-5
Calculate -6 + (-4 - (4 + -14)) - 3.
-3
What is the value of (0 - -3) + (-1 - 2) + -1?
-1
(-5 + (-7 - -25) - 6) + -14
-7
What is the value of 1 + -8 + 22 + -20?
-5
Calculate 51 + -53 - (2 - 7).
3
(-9 + 14 - 8) + 7
4
Evaluate (-6 - 5) + (